{"version":"1.0","provider_name":"STTK","provider_url":"https:\/\/www.sttk.fi\/sv\/","title":"STTK:s m\u00e5ls\u00e4ttningar i pensionsreformen - STTK","type":"rich","width":600,"height":338,"html":"<blockquote class=\"wp-embedded-content\" data-secret=\"mXclS67gbX\"><a href=\"https:\/\/www.sttk.fi\/sv\/2014\/01\/14\/sttks-malsattningar-pensionsreformen\/\">STTK:s m\u00e5ls\u00e4ttningar i pensionsreformen<\/a><\/blockquote><iframe sandbox=\"allow-scripts\" security=\"restricted\" src=\"https:\/\/www.sttk.fi\/sv\/2014\/01\/14\/sttks-malsattningar-pensionsreformen\/embed\/#?secret=mXclS67gbX\" width=\"600\" height=\"338\" title=\"&#8221;STTK:s m\u00e5ls\u00e4ttningar i pensionsreformen&#8221; &#8212; STTK\" data-secret=\"mXclS67gbX\" frameborder=\"0\" marginwidth=\"0\" marginheight=\"0\" scrolling=\"no\" class=\"wp-embedded-content\"><\/iframe><script type=\"text\/javascript\">\n\/* <![CDATA[ *\/\n\/*! This file is auto-generated *\/\n!function(d,l){\"use strict\";l.querySelector&&d.addEventListener&&\"undefined\"!=typeof URL&&(d.wp=d.wp||{},d.wp.receiveEmbedMessage||(d.wp.receiveEmbedMessage=function(e){var t=e.data;if((t||t.secret||t.message||t.value)&&!\/[^a-zA-Z0-9]\/.test(t.secret)){for(var s,r,n,a=l.querySelectorAll('iframe[data-secret=\"'+t.secret+'\"]'),o=l.querySelectorAll('blockquote[data-secret=\"'+t.secret+'\"]'),c=new RegExp(\"^https?:$\",\"i\"),i=0;i<o.length;i++)o[i].style.display=\"none\";for(i=0;i<a.length;i++)s=a[i],e.source===s.contentWindow&&(s.removeAttribute(\"style\"),\"height\"===t.message?(1e3<(r=parseInt(t.value,10))?r=1e3:~~r<200&&(r=200),s.height=r):\"link\"===t.message&&(r=new URL(s.getAttribute(\"src\")),n=new URL(t.value),c.test(n.protocol))&&n.host===r.host&&l.activeElement===s&&(d.top.location.href=t.value))}},d.addEventListener(\"message\",d.wp.receiveEmbedMessage,!1),l.addEventListener(\"DOMContentLoaded\",function(){for(var e,t,s=l.querySelectorAll(\"iframe.wp-embedded-content\"),r=0;r<s.length;r++)(t=(e=s[r]).getAttribute(\"data-secret\"))||(t=Math.random().toString(36).substring(2,12),e.src+=\"#?secret=\"+t,e.setAttribute(\"data-secret\",t)),e.contentWindow.postMessage({message:\"ready\",secret:t},\"*\")},!1)))}(window,document);\n\/\/# sourceURL=https:\/\/www.sttk.fi\/wp-includes\/js\/wp-embed.min.js\n\/* ]]> *\/\n<\/script>\n","description":"STTK korostaa, ett\u00e4 ty\u00f6el\u00e4keuudistuksen on oltava kest\u00e4v\u00e4 tulevien sukupolvien kannalta. Uudistuksen j\u00e4lkeen ty\u00f6el\u00e4kkeiden rahoituksen on oltava tasapainossa, j\u00e4rjestelm\u00e4n on tuettava ty\u00f6urien pidentymist\u00e4 ja ty\u00f6el\u00e4kkeiden tason on oltava vanhuuden toimeentulon kannalta riitt\u00e4v\u00e4 my\u00f6s tulevaisuudessa.","thumbnail_url":"https:\/\/www.sttk.fi\/wp-content\/uploads\/sites\/2\/2020\/08\/some-logo.png","thumbnail_width":1130,"thumbnail_height":682}

STTK:s målsättningar i pensionsreformen - STTK

<blockquote class="wp-embedded-content" data-secret="mXclS67gbX"><a href="https://www.sttk.fi/sv/2014/01/14/sttks-malsattningar-pensionsreformen/">STTK:s målsättningar i pensionsreformen</a></blockquote><iframe sandbox="allow-scripts" security="restricted" src="https://www.sttk.fi/sv/2014/01/14/sttks-malsattningar-pensionsreformen/embed/#?secret=mXclS67gbX" width="600" height="338" title="&#8221;STTK:s målsättningar i pensionsreformen&#8221; &#8212; STTK" data-secret="mXclS67gbX" frameborder="0" marginwidth="0" marginheight="0" scrolling="no" class="wp-embedded-content"></iframe><script type="text/javascript">
/* <![CDATA[ */
/*! This file is auto-generated */
!function(d,l){"use strict";l.querySelector&&d.addEventListener&&"undefined"!=typeof URL&&(d.wp=d.wp||{},d.wp.receiveEmbedMessage||(d.wp.receiveEmbedMessage=function(e){var t=e.data;if((t||t.secret||t.message||t.value)&&!/[^a-zA-Z0-9]/.test(t.secret)){for(var s,r,n,a=l.querySelectorAll('iframe[data-secret="'+t.secret+'"]'),o=l.querySelectorAll('blockquote[data-secret="'+t.secret+'"]'),c=new RegExp("^https?:$","i"),i=0;i<o.length;i++)o[i].style.display="none";for(i=0;i<a.length;i++)s=a[i],e.source===s.contentWindow&&(s.removeAttribute("style"),"height"===t.message?(1e3<(r=parseInt(t.value,10))?r=1e3:~~r<200&&(r=200),s.height=r):"link"===t.message&&(r=new URL(s.getAttribute("src")),n=new URL(t.value),c.test(n.protocol))&&n.host===r.host&&l.activeElement===s&&(d.top.location.href=t.value))}},d.addEventListener("message",d.wp.receiveEmbedMessage,!1),l.addEventListener("DOMContentLoaded",function(){for(var e,t,s=l.querySelectorAll("iframe.wp-embedded-content"),r=0;r<s.length;r++)(t=(e=s[r]).getAttribute("data-secret"))||(t=Math.random().toString(36).substring(2,12),e.src+="#?secret="+t,e.setAttribute("data-secret",t)),e.contentWindow.postMessage({message:"ready",secret:t},"*")},!1)))}(window,document);
//# sourceURL=https://www.sttk.fi/wp-includes/js/wp-embed.min.js
/* ]]> */
</script>

STTK korostaa, että työeläkeuudistuksen on oltava kestävä tulevien sukupolvien kannalta. Uudistuksen jälkeen työeläkkeiden rahoituksen on oltava tasapainossa, järjestelmän on tuettava työurien pidentymistä ja työeläkkeiden tason on oltava vanhuuden toimeentulon kannalta riittävä myös tulevaisuudessa.
